t is 794 + -15?
77b
In base 8, what is -1071 + 0?
-1071
In base 12, what is 4 + 35?
39
In base 12, what is 8 + 190?
198
In base 14, what is 1 - 280?
-27d
In base 15, what is -164 - c?
-171
In base 10, what is 78 + -10?
68
In base 13, what is 1 - -a7?
a8
In base 2, what is 1000000111 + 1000?
1000001111
In base 8, what is 6 + -650?
-642
In base 10, what is 48 + -1?
47
In base 12, what is -211 - 2?
-213
In base 4, what is 330 - -22?
1012
In base 2, what is -110 - -101000000?
100111010
In base 9, what is -67 - -14?
-53
In base 11, what is 1 + -5a?
-59
In base 9, what is 718 - -3?
722
In base 3, what is 2 - 1011?
-1002
In base 7, what is -14 - 213?
-230
In base 4, what is 101131 + -3?
101122
In base 11, what is 380 - -5?
385
In base 13, what is -5 - -11?
9
In base 10, what is 2 - 1592?
-1590
In base 9, what is -542 + -8?
-551
In base 9, what is -85 + -18?
-114
In base 3, what is 10 - 2010221?
-2010211
In base 6, what is -33 + 1500?
1423
In base 7, what is 13 - 153?
-140
In base 14, what is c9 - -52?
13b
In base 13, what is 3 - 53?
-50
In base 5, what is 4 + -22?
-13
In base 16, what is -96 + -f?
-a5
In base 16, what is 4 - 16?
-12
In base 3, what is 0 - -10011?
10011
In base 13, what is -510 + 4?
-509
In base 15, what is -49 + -27?
-71
In base 9, what is 11 - 18?
-7
In base 12, what is -b4 + a?
-a6
In base 12, what is 1 + 334?
335
In base 9, what is -1 - -257?
256
In base 3, what is -1000 + -11?
-1011
In base 14, what is -33 + -12?
-45
In base 4, what is -2102 + 21?
-2021
In base 14, what is -2 + -10aa?
-10ac
In base 8, what is 50 - 412?
-342
In base 2, what is 0 + -1100111011?
-1100111011
In base 8, what is 111 + -6?
103
In base 14, what is b5 - 0?
b5
In base 6, what is -22 + -3?
-25
In base 11, what is -11 + 181?
170
In base 6, what is 5 + -1?
4
In base 11, what is 4 - 4?
0
In base 11, what is 35 - -1a0?
225
In base 3, what is 1110212 + 1?
1110220
In base 5, what is 1142 + -11?
1131
In base 16, what is -9 + 1f?
16
In base 4, what is -3 + 112012?
112003
In base 9, what is 3 + -1817?
-1814
In base 10, what is 5 - 163?
-158
In base 15, what is -86 + 5d?
-28
In base 11, what is -17 + 248?
231
In base 9, what is -57 + 5?
-52
In base 14, what is d + 222?
231
In base 16, what is -4 - -c?
8
In base 7, what is 16 - 1435?
-1416
In base 12, what is -18 + 4a?
32
In base 13, what is -a9 + -5?
-b1
In base 3, what is -2112 + 10?
-2102
In base 15, what is 2880 + 2?
2882
In base 12, what is -11b8 - 4?
-1200
In base 3, what is -12 + 1211?
1122
In base 10, what is 23 + -30?
-7
In base 6, what is -1 - 31300?
-31301
In base 14, what is 6 + 3?
9
In base 14, what is 12 + -9?
7
In base 9, what is -27 - -8?
-18
In base 2, what is -110 - 10010010111?
-10010011101
In base 9, what is 233 + -2?
231
In base 6, what is 0 - 1521?
-1521
In base 8, what is 21 + 5?
26
In base 10, what is -3 - 17?
-20
In base 11, what is -6 + -12?
-18
In base 14, what is 1 + -2b?
-2a
In base 11, what is 1 - 49?
-48
In base 5, what is 320 - -4?
324
In base 14, what is 4 - -64d?
653
In base 16, what is -5 - -2?
-3
In base 12, what is 57 - -1?
58
In base 8, what is -3117 - 14?
-3133
In base 3, what is -12 + 2012012?
2012000
In base 8, what is -4 + 466?
462
In base 12, what is 0 + 107b?
107b
In base 15, what is 8 + 20?
28
In base 7, what is 14 + 33?
50
In base 11, what is -10 - -6?
-5
In base 15, what is -7 + c5?
bd
In base 14, what is -9 + -15?
-20
In base 13, what is 3a4 - -4?
3a8
In base 14, what is 1b1a - 1?
1b19
In base 3, what is 11212 - 0?
11212
In base 16, what is c97 - -2?
c99
In base 11, what is -77 + -3?
-7a
In base 11, what is 0 - -3?
3
In base 13, what is 5c + 6?
65
In base 4, what is 211 + -12?
133
In base 8, what is -172 + -3?
-175
In base 15, what is 670 - 1?
66e
In base 6, what is 3 + 3330?
3333
In base 15, what is 2 - 37e?
-37c
In base 16, what is -21 + -5?
-26
In base 12, what is 0 + -22?
-22
In base 15, what is 5 + 22a?
230
In base 4, what is -322 + 10?
-312
In base 3, what is 2002 + -1?
2001
In base 3, what is -1212212 + -2?
-1212221
In base 14, what is 7 - -161?
168
In base 6, what is 12411 - -4?
12415
In base 8, what is 57 + 3?
62
In base 10, what is -2 - -83?
81
In base 15, what is 9 - -8b?
95
In base 13, what is -6 - -b9?
b3
In base 10, what is -1 + 288?
287
In base 3, what is -210 - 101220?
-102200
In base 4, what is 10303320 + 2?
10303322
In base 11, what is 193 - 9?
185
In base 7, what is 25 + -265?
-240
In base 3, what is -221 - 100101?
-101022
In base 16, what is 5 + 149?
14e
In base 6, what is -4 + 4401?
4353
In base 2, what is -100 - -1000111111?
1000111011
In base 3, what is -2110 + 1212?
-121
In base 12, what is 327 - 1?
326
In base 4, what is -11 + 2320?
2303
In base 10, what is -4 + -483?
-487
In base 8, what is 2 - -124?
126
In base 16, what is 5e8 - 0?
5e8
In base 8, what is -25 - -414?
367
In base 11, what is 64 + 3?
67
In base 13, what is -80 + -3?
-83
In base 14, what is 5 + -7c2?
-7bb
In base 12, what is 269 + 71?
31a
In base 10, what is 6 + -29?
-23
In base 15, what is 24 - -1?
25
In base 3, what is 10 - 221?
-211
In base 8, what is 3 + 520?
523
In base 11, what is -52 - -4?
-49
In base 14, what is -3 - -120?
11b
In base 13, what is -b0 - 34?
-114
In base 14, what is 335 + -2?
333
In base 13, what is 8 - 33?
-28
In base 3, what is 212 - 1002112?
-1001200
In base 6, what is 3 - 330?
-323
In base 4, what is 1001 - 13?
322
In base 6, what is 1 - 5544?
-5543
In base 8, what is 0 - 34?
-34
In base 2, what is 11000011 - 11101?
10100110
In base 6, what is 150 - -14?
204
In base 7, what is 40 - -4?
44
In base 14, what is 4 - 51?
-4b
In base 13, what is -25 + 1?
-24
In base 8, what is 0 + -10?
-10
In base 7, what is -43 - -51?
5
In base 9, what is -1131 + -6?
-1137
In base 8, what is -3 + 57?
54
In base 16, what is -2 - -341?
33f
In base 5, what is 2 - 30204?
-30202
In base 16, what is -1d18 - 0?
-1d18
In base 15, what is 2 - -1b?
1d
In base 2, what is -1011101010001 - 100?
-1011101010101
In base 11, what is 100 - 120?
-20
In base 9, what is -2 - 704?
-706
In base 14, what is 2a2 + 6?
2a8
In base 7, what is 0 + 63?
63
In base 12, what is -a40 + -1?
-a41
In base 10, what is 274 - -5?
279
In base 7, what is 1143 + 5?
1151
In base 4, what is -11 + 22312?
22301
In base 14, what is -6 - 3ba?
-3c2
In base 15, what is 10 - -5?
15
In base 12, what is -b - -11b?
110
In base 2, what is -10001110000 - -101?
-10001101011
In base 2, what is -100 - 1010100001?
-1010100101
In base 3, what is -10 - 2021?
-2101
In base 8, what is -2 - 36?
-40
In base 7, what is -55 - -610?
522
In base 11, what is -22 - 188?
-1aa
In base 7, what is 145 + -2?
143
In base 9, what is 141 - 3?
137
In base 12, what is -111 - 3?
-114
In base 11, what is 5 + -1a?
-15
In base 12, what is -4 + -56?
-5a
In base 14, what is 5d2 - -4?
5d6
In base 12, what is 1 - 4a?
-49
In base 12, what is 3 - 14?
-11
In base 8, what is 4 + -555?
-551
In base 9, what is -201 - -6?
-184
In base 7, what is -5 + -22?
-30
In base 14, what is -18cc - 0?
-18cc
In base 16, what is 3 + -715?
-712
In base 5, what is 30 - -4?
34
In base 11, what is 40 + -31?
a
In base 16, what is 5 + 1d3?
1d8
In base 5, what is 3 - -124102?
124110
In base 7, what is 0 + 66?
66
In base 7, what is 0 - 52?
-52
In base 9, what is 7 + 35?
43
In base 11, what is -13 + -72?
-85
In base 4, what is 111013 + 11?
111030
In base 2, what is 11 - -110101?
111000
In base 10, what is 20 + -13?
7
In base 15, what is 119 - 4?
115
In base 2, what is 11110 - 100?
11010
In base 10, what is -5 - -319?
314
In base 14, what is 5 + -16d?
-168
In base 10, what is 5 - 190?
-185
In base 4, what is 303320 + -1?
303313
In base 6, what is 0 + 4022?
4022
In base 13, what is 39b + 0?
39b
In base 9, what is -214 + -3?
-217
In base 11, what is 36760 - 0?
36760
In base 12, what is -94 - -1?
-93
In base 9, what is 5 - -46?
52
In base 4, what is 2333 - -11?
3010
In base 14, what is -13 + d2?
bd
In base 9, what is -27 - 45?
-73
In base 14, what is -7a - -6?
-74
In base 13, what is 34c + 3?
352
In base 13, what is 234 - -5?
239
In base 15, what is 1d - -2a?
48
In base 12, what is -1 - 73?
-74
In base 2, what is -100 + -101010000010?
-101010000110
In base 5, what is -203000 + -4?
-203004
In base 10, what is -8 + -54?
-62
In base 11, what is 280 - -5?
285
In base 14, what is -199d - 0?
-199d
In